857 + -1?
44856
In base 6, what is 104511 + 10?
104521
In base 2, what is -1100010110000 + -101?
-1100010110101
In base 12, what is 8 - 293b?
-2933
In base 7, what is -663014 + 0?
-663014
In base 12, what is -22 - 3242?
-3264
In base 7, what is -25 + -116633?
-116661
In base 5, what is -34130 + 1304?
-32321
In base 2, what is -1000011100110010111110 + -11?
-1000011100110011000001
In base 8, what is -22 - -12752?
12730
In base 8, what is 11705722 - -5?
11705727
In base 15, what is a7 + 1db?
293
In base 6, what is 40040 - 1031?
35005
In base 12, what is -10a929 - 5?
-10a932
In base 13, what is -115b + 69?
-10c2
In base 14, what is -2 - 6672?
-6674
In base 8, what is -16455 + -4?
-16461
In base 15, what is -6479 - -4?
-6475
In base 14, what is 2d7dcd + 3?
2d7dd2
In base 13, what is bb36 + 7?
bb40
In base 11, what is -2710 + 101?
-260a
In base 12, what is -22 - 6250?
-6272
In base 10, what is -7 + 4073?
4066
In base 3, what is -201212202 - -10022?
-201202110
In base 4, what is 11 - -20021201?
20021212
In base 16, what is 262c0 - -5?
262c5
In base 13, what is -25b94 + -2?
-25b96
In base 7, what is 31112 - -236?
31351
In base 5, what is 4 - 11204031?
-11204022
In base 9, what is 52 - -668?
731
In base 6, what is 11 - -3201?
3212
In base 12, what is -195152 - -2?
-195150
In base 10, what is 2 + 3676?
3678
In base 4, what is -202203 - 30322?
-233131
In base 8, what is -1 + -20240?
-20241
In base 4, what is -322223300 - -10?
-322223230
In base 9, what is -2 + -867676?
-867678
In base 5, what is 13032102 + 4?
13032111
In base 2, what is -11 + 11110011100010?
11110011011111
In base 2, what is -10101110110 + 10101?
-10101100001
In base 10, what is 4 + -46239?
-46235
In base 6, what is 145535 - -1?
145540
In base 4, what is -3 - 1023103?
-1023112
In base 7, what is 25146 + -103?
25043
In base 9, what is 1 - 57665?
-57664
In base 11, what is 117848 + -1?
117847
In base 4, what is 13131 + -2003?
11122
In base 9, what is -3660557 + 2?
-3660555
In base 8, what is -6 - 40321?
-40327
In base 15, what is -178 - 3?
-17b
In base 12, what is 14b - 31a?
-18b
In base 15, what is 5 - 208b?
-2086
In base 8, what is 67567 - 2?
67565
In base 6, what is 5513 - -12?
5525
In base 9, what is -3 - 63201?
-63204
In base 7, what is -5 + 136262?
136254
In base 2, what is -1011100001000000000 - 11?
-1011100001000000011
In base 16, what is -9 - -2c2?
2b9
In base 6, what is -2030132 - -1?
-2030131
In base 12, what is 9 + -3940?
-3933
In base 16, what is -b83a + 0?
-b83a
In base 8, what is -152 + -102345?
-102517
In base 15, what is -51001c - -2?
-51001a
In base 9, what is -1527657 - 5?
-1527663
In base 6, what is 3402 + 502?
4304
In base 5, what is -11 + -213213?
-213224
In base 13, what is 166 + -109?
5a
In base 6, what is 3 - -43414533?
43414540
In base 12, what is 16b1 - 3a?
1673
In base 5, what is 3230 + 13?
3243
In base 16, what is 2d - -bc?
e9
In base 10, what is -523 - 525?
-1048
In base 16, what is d - f0?
-e3
In base 13, what is -9c351 + -2?
-9c353
In base 9, what is 0 + -256030?
-256030
In base 7, what is -1061 + 146?
-612
In base 15, what is -720c - -4?
-7208
In base 14, what is -56 - -5071?
5019
In base 13, what is -40 + 757?
717
In base 2, what is -100001 - -110011100011?
110011000010
In base 2, what is 1101101111 + 1000101?
1110110100
In base 6, what is 4 + -1531435?
-1531431
In base 15, what is -4869 - -1?
-4868
In base 13, what is 3095a - 3?
30957
In base 14, what is -5 + 5b4d?
5b48
In base 4, what is -3211 + 13130032?
13120221
In base 10, what is -11357 + -54?
-11411
In base 10, what is 5 + -1079501?
-1079496
In base 11, what is 5796 + 57?
5842
In base 15, what is -5d77 + 2?
-5d75
In base 5, what is 1000 + 10?
1010
In base 16, what is -16d + -6d?
-1da
In base 11, what is 6a + -1a1?
-132
In base 9, what is 4 - 11047?
-11043
In base 5, what is -21 - 3132144?
-3132220
In base 9, what is -4 - 2540264?
-2540268
In base 15, what is 2dea3 + 5?
2dea8
In base 5, what is -23011 + 4132?
-13324
In base 11, what is 9 - -152122?
152130
In base 11, what is -294a - 77?
-2a16
In base 10, what is -69 - 98?
-167
In base 16, what is 0 - -855f?
855f
In base 12, what is -13 + -b967?
-b97a
In base 8, what is -16 + 2404?
2366
In base 6, what is -111 - 15542?
-20053
In base 8, what is -5 - -43357?
43352
In base 4, what is 2 + -212100030?
-212100022
In base 16, what is -5b9 - -c?
-5ad
In base 12, what is -5 - 12363?
-12368
In base 10, what is -459731 + 7?
-459724
In base 15, what is 0 - -5750?
5750
In base 14, what is -1761 - 5?
-1766
In base 11, what is -97 + -6685?
-6771
In base 3, what is -100121122 + 20?
-100121102
In base 5, what is -1430412 + -3?
-1430420
In base 10, what is 16218 - 2?
16216
In base 7, what is -22346 + -20?
-22366
In base 3, what is 2 + 120112020?
120112022
In base 16, what is -3d2 - -81?
-351
In base 15, what is 9 + -2112e?
-21125
In base 2, what is 101 - 10101100011010001000?
-10101100011010000011
In base 16, what is -60 + -51b8?
-5218
In base 15, what is de0313 + 1?
de0314
In base 2, what is -100 + 1100001011001?
1100001010101
In base 7, what is 1 - 3562114?
-3562113
In base 6, what is 10 + 3353251?
3353301
In base 16, what is -1b8 - -103?
-b5
In base 6, what is 40 - 120213?
-120133
In base 4, what is -12221 - 3032?
-21313
In base 8, what is 1602 - -560?
2362
In base 2, what is 1 - -1110001000100?
1110001000101
In base 12, what is -8066 - -1?
-8065
In base 4, what is -203003 + 13?
-202330
In base 12, what is -113 - -b0a?
9b7
In base 7, what is -1102 - 1161?
-2263
In base 4, what is 12102302 + 3?
12102311
In base 16, what is -1b2 + 2fe?
14c
In base 8, what is -552 + 11221?
10447
In base 5, what is 24040313 - -1?
24040314
In base 16, what is 4c - -4e?
9a
In base 6, what is 335213 + 11?
335224
In base 7, what is 2 - -223166?
223201
In base 8, what is 117 + 124654?
124773
In base 13, what is 1ab7 + 14?
1acb
In base 13, what is -8 - -213?
208
In base 10, what is 14642 + -3?
14639
In base 4, what is -3 + -103333332?
-110000001
In base 12, what is -bb02 + -1?
-bb03
In base 13, what is -5ca02 - -1?
-5ca01
In base 15, what is -3ddd4 + 9?
-3ddca
In base 12, what is 111 + -22b?
-11a
In base 10, what is 964 + 319?
1283
In base 16, what is -1 - 2ef?
-2f0
In base 3, what is -2122 - -101020?
21121
In base 9, what is 28 - -7104?
7133
In base 12, what is -15 + 659?
644
In base 12, what is -842bb - 1?
-84300
In base 7, what is 3634234 - 4?
3634230
In base 3, what is 20 + -100122200?
-100122110
In base 9, what is -1 + -1146000?
-1146001
In base 3, what is 21011202011 - 122?
21011201112
In base 8, what is -113354 - 0?
-113354
In base 16, what is 62 + -1760?
-16fe
In base 11, what is -29385 - -3?
-29382
In base 4, what is 11 - 231201?
-231130
In base 12, what is -28 - -716?
6aa
In base 14, what is -11381 + -1a?
-1139b
In base 12, what is -187 + -757?
-922
In base 4, what is 0 - 1323031?
-1323031
In base 10, what is -221 - -325?
104
In base 16, what is 26 - 16dd3?
-16dad
In base 9, what is -1 + -481520?
-481521
In base 10, what is 5 + -299911?
-299906
In base 15, what is -e0c - 18?
-e25
In base 5, what is -133410 + 3?
-133402
In base 6, what is 2111240 + -1?
2111235
In base 4, what is 31 - -111031303?
111032000
In base 12, what is -981436 - 4?
-98143a
In base 13, what is -aab66 + 5?
-aab61
In base 15, what is aa + 79c2?
7a7c
In base 15, what is 50 + -55c?
-50c
In base 8, what is 33 + -12416?
-12363
In base 5, what is 310144101 + 0?
310144101
In base 16, what is -1 + 195fb?
195fa
In base 4, what is 2331302 + 112?
2332020
In base 5, what is -111231 + 20?
-111211
In base 11, what is -7 - -394?
388
In base 8, what is 26 + 2652?
2700
In base 7, what is 103 + 26510?
26613
In base 10, what is 140 + -112?
28
In base 16, what is -2 + -9487?
-9489
In base 11, what is -a667 + 3?
-a664
In base 3, what is -10102 - 211200120?
-211210222
In base 3, what is -210210 - 22021?
-1010001
In base 15, what is -7 + 4422?
441a
In base 6, what is 2 + -422121?
-422115
In base 6, what is -4 - 401125?
-401133
In base 11, what is a11 + -305?
707
In base 13, what is 479c + b5?
4884
In base 6, what is 4 + 440041?
440045
In base 13, what is 258 + -631?
-3a6
In base 11, what is 66032 - -1a?
66051
In base 9, what is -306076 + 4?
-306072
In base 8, what is 2030 - 1402?
426
In base 7, what is 524311 + -3?
524305
In bas